{"id":596,"date":"2016-02-10T12:14:14","date_gmt":"2016-02-10T11:14:14","guid":{"rendered":"http:\/\/localhost\/wordpress\/?page_id=596"},"modified":"2021-05-09T10:37:43","modified_gmt":"2021-05-09T08:37:43","slug":"goliatragolvslip","status":"publish","type":"page","link":"https:\/\/www.gelweluthyrning.se\/?page_id=596","title":{"rendered":"Golia tr\u00e4golvslip f\u00f6r uthyrning"},"content":{"rendered":"<div id=\"pl-596\"  class=\"panel-layout\" ><div id=\"pg-596-0\"  class=\"panel-grid panel-no-style\" ><div id=\"pgc-596-0-0\"  class=\"panel-grid-cell\" ><div id=\"panel-596-0-0-0\" class=\"so-panel widget widget_sow-editor panel-first-child panel-last-child\" data-index=\"0\" ><div class=\"so-widget-sow-editor so-widget-sow-editor-base\">\n<div class=\"siteorigin-widget-tinymce textwidget\">\n\t<h3 style=\"text-align: center;\">Tr\u00e4golvslip<\/h3>\n<p>\u00a0<\/p>\n<p style=\"padding-left: 30px;\">Golia Tr\u00e4golvslip slipar med fyra slippapper som b\u00e5de snurrar runt och roterar. Det g\u00f6r att den tar mer f\u00f6rsiktigt \u00e4n traditionell slipmaskin och \u00e4r d\u00e4rf\u00f6r mer l\u00e4mplig och l\u00e4ttanv\u00e4nd p\u00e5 t ex parketgolv. Maskinen\u00a0har k\u00e5pa och anslutningslangar till dammsugare.<\/p>\n<h4 style=\"text-align: center;\">\u00a0<\/h4>\n<\/div>\n<\/div><\/div><\/div><\/div><div id=\"pg-596-1\"  class=\"panel-grid panel-no-style\" ><div id=\"pgc-596-1-0\"  class=\"panel-grid-cell\" ><div id=\"panel-596-1-0-0\" class=\"so-panel widget widget_virtue_about_with_image virtue_about_with_image panel-first-child panel-last-child\" data-index=\"1\" ><div class=\"kad_img_upload_widget kt-shape-type- kt-image-align-center kt-image-widget-widget-1-0-0\"><a href=\"http:\/\/www.gelwel.se\/wp-content\/uploads\/2016\/02\/Quadro-615-golvslipmaskin.jpg\" rel=\"lightbox\"><div class=\"kt-image-contain  \"><div class=\"kt-image-inner-contain\"><img width=\"402\" height=\"493\" src=\"https:\/\/www.gelweluthyrning.se\/wp-content\/uploads\/2016\/02\/Quadro-615-golvslipmaskin.jpg\" class=\"attachment-full size-full\" alt=\"\" loading=\"lazy\" srcset=\"https:\/\/www.gelweluthyrning.se\/wp-content\/uploads\/2016\/02\/Quadro-615-golvslipmaskin.jpg 402w, https:\/\/www.gelweluthyrning.se\/wp-content\/uploads\/2016\/02\/Quadro-615-golvslipmaskin-245x300.jpg 245w\" sizes=\"(max-width: 402px) 100vw, 402px\" \/><\/div><\/div><\/a><\/div><\/div><\/div><div id=\"pgc-596-1-1\"  class=\"panel-grid-cell\" ><div id=\"panel-596-1-1-0\" class=\"so-panel widget widget_sow-editor panel-first-child panel-last-child\" data-index=\"2\" ><div class=\"so-widget-sow-editor so-widget-sow-editor-base\">\n<div class=\"siteorigin-widget-tinymce textwidget\">\n\t<p><iframe width=\"700\" height=\"394\" src=\"https:\/\/www.youtube.com\/embed\/wnIacqD6koE\" frameborder=\"0\" allowfullscreen><\/iframe><br \/>\nRiktningsfri slipning utan risk f\u00f6r sliprosor tack vare den dubbla rotationsr\u00f6relsen. Mycket h\u00f6g avverkningsgrad. L\u00e4tthanterlig, kan enkelt transporteras av en person.<\/p>\n<\/div>\n<\/div><\/div><\/div><\/div><div id=\"pg-596-2\"  class=\"panel-grid panel-no-style\" ><div id=\"pgc-596-2-0\"  class=\"panel-grid-cell\" ><div id=\"panel-596-2-0-0\" class=\"so-panel widget widget_sow-editor panel-first-child panel-last-child\" data-index=\"3\" ><div class=\"so-widget-sow-editor so-widget-sow-editor-base\">\n<div class=\"siteorigin-widget-tinymce textwidget\">\n\t\n<ul class=\"nav nav-tabs sc_tabs\"><li class=\"active\"><a href=\"#sctab5750\" rel=\"nofollow\">Pris<\/a><\/li>\n<li class=\"\"><a href=\"#sctab5751\" rel=\"nofollow\">F\u00f6rbrukningsmaterial<\/a><\/li>\n<li class=\"\"><a href=\"#sctab5752\" rel=\"nofollow\">Komplettera med<\/a><\/li><\/ul> <div class=\"tab-content postclass\"><div class=\"tab-pane clearfix active\" id=\"sctab5750\"><\/p>\n<p><div class=\"row\"> <div class=\"col-md-4  \"><\/p>\n<h4>Pris f\u00f6r en dag<\/h4>\n<h4><span style=\"color: #ff0000;\">450 kr<\/span><\/h4>\n<p><\/div><div class=\"col-md-4  \"><\/p>\n<h4>Flerdagarspris<\/h4>\n<h4><span style=\"color: #ff0000;\">375 kr<\/span><\/h4>\n<p><\/div><div class=\"col-md-4  \"><\/p>\n<h4>Helgpris<\/h4>\n<h4><span style=\"color: #ff0000;\">825 kr<\/span><\/h4>\n<p><\/div><\/div>Papper tillkommer, se vidare under f\u00f6rbrukningsmaterial.<\/p>\n<p><\/div>\n<div class=\"tab-pane clearfix \" id=\"sctab5751\"><\/p>\n<p>Slippapper 19 kr\/st.<\/p>\n<p>Normal f\u00f6rbrukning \u00e4r ca 16 papper\/20 kvm<\/p>\n<p><\/div>\n<div class=\"tab-pane clearfix \" id=\"sctab5752\"><\/p>\n<p>Maskinen b\u00f6r kompletteras med en dammsugare med autostart och eventuellt kan en kantslipmaskin beh\u00f6vas f\u00f6r att komma \u00e5t t ex under elementen.<\/p>\n<p>L\u00e4nk till <a href=\"https:\/\/www.gelwel.se\/?page_id=5318\">Dammsugare<\/a> och <a href=\"http:\/\/www.gelwel.se\/?page_id=1351\">Kantslipmaskin<\/a><\/p>\n<p><\/div><\/div>\n\n<\/div>\n<\/div><\/div><\/div><\/div><div id=\"pg-596-3\"  class=\"panel-grid panel-no-style\" ><div id=\"pgc-596-3-0\"  class=\"panel-grid-cell\" ><div id=\"panel-596-3-0-0\" class=\"so-panel widget widget_sow-editor panel-first-child panel-last-child\" data-index=\"4\" ><div class=\"so-widget-sow-editor so-widget-sow-editor-base\">\n<div class=\"siteorigin-widget-tinymce textwidget\">\n\t\n<ul class=\"nav nav-tabs sc_tabs\"><li class=\"active\"><a href=\"#sctab6130\" rel=\"nofollow\">Tekniska data<\/a><\/li>\n<li class=\"\"><a href=\"#sctab6131\" rel=\"nofollow\">Teknisk info<\/a><\/li><\/ul> <div class=\"tab-content postclass\"><div class=\"tab-pane clearfix active\" id=\"sctab6130\"><\/p>\n<table border=\"0\" width=\"350\">\n<tbody>\n<tr>\n<td>Slipdiameter<\/td>\n<td>41 cm<\/td>\n<\/tr>\n<tr>\n<td>Rotationshastighet:<\/td>\n<td>150 rpm<\/td>\n<\/tr>\n<tr>\n<td>M\u00e4rkeffekt:<\/td>\n<td>1800 W<\/td>\n<\/tr>\n<tr>\n<td>Kabell\u00e4ngd:<\/td>\n<td>10 m<\/td>\n<\/tr>\n<tr>\n<td>Vikt:<\/td>\n<td>49,5\u00a0kg<\/td>\n<\/tr>\n<tr>\n<td>\u00a0Sliptryck:<\/td>\n<td>\u00a088g\/cm\u00b2<\/td>\n<\/tr>\n<\/tbody>\n<\/table>\n<p><\/div>\n<div class=\"tab-pane clearfix \" id=\"sctab6131\"><\/p>\n<p><a href=\"http:\/\/www.gelwel.se\/wp-content\/uploads\/2016\/02\/20210_Quadro615.pdf\" target=\"_blank\" class=\"kad-icon-box-86  kad-icon-box \"><i class=\"icon-book\" style=\"font-size:48px;\"><\/i><\/p>\n<h4>Broschyr<\/h4>\n<p>\u00a0<\/p>\n<p><\/a><style type=\"text\/css\" media=\"screen\">.kad-icon-box-86 {background:#dddddd;} .kad-icon-box-86, .kad-icon-box-86 h1, .kad-icon-box-86 h2, .kad-icon-box-86 h3, .kad-icon-box-86 h4, .kad-icon-box-86 h5 {color:#ffffff !important;} .kad-icon-box-86:hover {background:;} .kad-icon-box-86:hover, .kad-icon-box-86:hover h1, .kad-icon-box-86:hover h2, .kad-icon-box-86:hover h3, .kad-icon-box-86:hover h4, .kad-icon-box-86:hover h5 {color:#ffffff !important;}<\/style><\/p>\n<p><\/div><\/div>\n\n<\/div>\n<\/div><\/div><\/div><div id=\"pgc-596-3-1\"  class=\"panel-grid-cell\" >\n\n        <div id=\"panel-596-3-1-0\" class=\"so-panel widget widget_kadence_calltoaction_widget kadence_calltoaction_widget panel-first-child panel-last-child\" data-index=\"5\" ><div class=\"kt-ctaw clearfix\"><h1 class=\"kt-call-to-action-title\" style=\" font-size:40px; line-height:1.1; text-align:center; \"  data-max-size=\"40\" data-min-size=\"40\">Boka slipmaskinen<\/h1><div style=\"text-align:center\"><a href=\"http:\/\/www.gelwel.se\/?page_id=585\" id=\"kadbtn13\" target=\"_self\" class=\"kad-btn btn-shortcode kad-btn-primary lg-kad-btn \" style=\" border: 0 solid; border-color:#000;  \" onMouseOver=\"\" onMouseOut=\"\">BOKA <\/a><\/div><\/div><\/div>\n    <\/div><\/div><\/div>","protected":false},"excerpt":{"rendered":"<p>Tr\u00e4golvslip\u00a0Golia Tr\u00e4golvslip slipar med fyra slippapper som b\u00e5de snurrar runt och roterar. Det g\u00f6r att den tar mer f\u00f6rsiktigt \u00e4n traditionell slipmaskin och \u00e4r d\u00e4rf\u00f6r mer l\u00e4mplig och l\u00e4ttanv\u00e4nd p\u00e5 t ex parketgolv. Maskinen\u00a0har k\u00e5pa och anslutningslangar till dammsugare.\u00a0 Riktningsfri &hellip; <a class=\"kt-excerpt-readmore\" href=\"https:\/\/www.gelweluthyrning.se\/?page_id=596\" aria-label=\"Golia tr\u00e4golvslip f\u00f6r uthyrning\">L\u00e4s mer<\/a><\/p>\n","protected":false},"author":1,"featured_media":0,"parent":11,"menu_order":0,"comment_status":"closed","ping_status":"closed","template":"page-fullwidth.php","meta":{"kt_blocks_editor_width":""},"kb_featured_image_src_large":false,"kb_author_info":{"display_name":"per","author_link":"https:\/\/www.gelweluthyrning.se\/?author=1","author_image":"https:\/\/secure.gravatar.com\/avatar\/250821d350f2213e36bf942f193b8969?s=96&d=mm&r=g"},"kb_comment_info":0,"_links":{"self":[{"href":"https:\/\/www.gelweluthyrning.se\/index.php?rest_route=\/wp\/v2\/pages\/596"}],"collection":[{"href":"https:\/\/www.gelweluthyrning.se\/index.php?rest_route=\/wp\/v2\/pages"}],"about":[{"href":"https:\/\/www.gelweluthyrning.se\/index.php?rest_route=\/wp\/v2\/types\/page"}],"author":[{"embeddable":true,"href":"https:\/\/www.gelweluthyrning.se\/index.php?rest_route=\/wp\/v2\/users\/1"}],"replies":[{"embeddable":true,"href":"https:\/\/www.gelweluthyrning.se\/index.php?rest_route=%2Fwp%2Fv2%2Fcomments&post=596"}],"version-history":[{"count":45,"href":"https:\/\/www.gelweluthyrning.se\/index.php?rest_route=\/wp\/v2\/pages\/596\/revisions"}],"predecessor-version":[{"id":8592,"href":"https:\/\/www.gelweluthyrning.se\/index.php?rest_route=\/wp\/v2\/pages\/596\/revisions\/8592"}],"up":[{"embeddable":true,"href":"https:\/\/www.gelweluthyrning.se\/index.php?rest_route=\/wp\/v2\/pages\/11"}],"wp:attachment":[{"href":"https:\/\/www.gelweluthyrning.se\/index.php?rest_route=%2Fwp%2Fv2%2Fmedia&parent=596"}],"curies":[{"name":"wp","href":"https:\/\/api.w.org\/{rel}","templated":true}]}}