{"id":1332,"date":"2016-02-21T11:10:20","date_gmt":"2016-02-21T10:10:20","guid":{"rendered":"http:\/\/localhost\/wordpress\/?page_id=1332"},"modified":"2023-09-07T11:13:53","modified_gmt":"2023-09-07T09:13:53","slug":"asfaltsag","status":"publish","type":"page","link":"https:\/\/www.gelweluthyrning.se\/?page_id=1332","title":{"rendered":"Asfalts\u00e5g uthyres"},"content":{"rendered":"<div id=\"pl-1332\"  class=\"panel-layout\" ><div id=\"pg-1332-0\"  class=\"panel-grid panel-no-style\" ><div id=\"pgc-1332-0-0\"  class=\"panel-grid-cell\" ><div id=\"panel-1332-0-0-0\" class=\"so-panel widget widget_virtue_about_with_image virtue_about_with_image panel-first-child panel-last-child\" data-index=\"0\" ><div class=\"kad_img_upload_widget kt-shape-type-kt-image-shape-standard kt-image-align-center kt-image-widget-widget-0-0-0\"><div class=\"kt-image-contain kt-image-shadow-none kt-image-shape-standard\"><div class=\"kt-image-inner-contain\"><img width=\"460\" height=\"438\" src=\"https:\/\/www.gelweluthyrning.se\/wp-content\/uploads\/2021\/05\/HC320-0083.jpg\" class=\"attachment-full size-full\" alt=\"Husqvarna FS 305 golv och asfalts\u00e5g\" loading=\"lazy\" srcset=\"https:\/\/www.gelweluthyrning.se\/wp-content\/uploads\/2021\/05\/HC320-0083.jpg 460w, https:\/\/www.gelweluthyrning.se\/wp-content\/uploads\/2021\/05\/HC320-0083-300x286.jpg 300w\" sizes=\"(max-width: 460px) 100vw, 460px\" \/><\/div><\/div><div class=\"virtue_image_widget_caption kadence_image_widget_caption\">\t\t\t\t\t\t\t\t \t\t<\/div><\/div><\/div><\/div><div id=\"pgc-1332-0-1\"  class=\"panel-grid-cell\" ><div id=\"panel-1332-0-1-0\" class=\"so-panel widget widget_sow-editor panel-first-child\" data-index=\"1\" ><div class=\"so-widget-sow-editor so-widget-sow-editor-base\">\n<div class=\"siteorigin-widget-tinymce textwidget\">\n\t<\/div>\n<\/div><\/div><div id=\"panel-1332-0-1-1\" class=\"so-panel widget widget_sow-editor panel-last-child\" data-index=\"2\" ><div class=\"so-widget-sow-editor so-widget-sow-editor-base\">\n<div class=\"siteorigin-widget-tinymce textwidget\">\n\t<h1>Asfalt och betongs\u00e5g<\/h1>\n<p>V\u00e5r bensindrivna golvs\u00e5g med l\u00e4gst vikt, f\u00f6r asfalt- och betongs\u00e5gning. Idealisk f\u00f6r sv\u00e5rtillg\u00e4ngliga arbetsplatser och f\u00f6r mindre reparationsarbeten (125 mm i s\u00e5gdjup). FS 305 \u00e4r v\u00e4ldigt l\u00e4tt att hantera och kan transporteras i sm\u00e5 fordon.<\/p>\n<\/div>\n<\/div><\/div><\/div><\/div><div id=\"pg-1332-1\"  class=\"panel-grid panel-no-style\" ><div id=\"pgc-1332-1-0\"  class=\"panel-grid-cell\" ><div id=\"panel-1332-1-0-0\" class=\"so-panel widget widget_sow-editor panel-first-child panel-last-child\" data-index=\"3\" ><div class=\"so-widget-sow-editor so-widget-sow-editor-base\">\n<div class=\"siteorigin-widget-tinymce textwidget\">\n\t<h3 style=\"padding-left: 30px;\">Teknisk info<\/h3>\n<p style=\"padding-left: 60px;\">\n<ul class=\"nav nav-tabs sc_tabs\"><li class=\"active\"><a href=\"#sctab9650\" rel=\"nofollow\">Tekniska data<\/a><\/li>\n<li class=\"\"><a href=\"#sctab9651\" rel=\"nofollow\">Dokumentation<\/a><\/li><\/ul> <div class=\"tab-content postclass\"><div class=\"tab-pane clearfix active\" id=\"sctab9650\"><\/p>\n<table>\n<tbody>\n<tr>\n<td>Sk\u00e4rdjup<\/td>\n<td>0-125 mm<\/td>\n<\/tr>\n<tr>\n<td>Motor<\/td>\n<td>Honda 5,6 hk<\/td>\n<\/tr>\n<tr>\n<td>Vikt<\/td>\n<td>54 kg<\/td>\n<\/tr>\n<tr>\n<td>M\u00e5tt (LxBxH)<\/td>\n<td>91,5 x 50,5 x 99 cm<\/td>\n<\/tr>\n<\/tbody>\n<\/table>\n<p><\/div>\n<div class=\"tab-pane clearfix \" id=\"sctab9651\"><\/p>\n<p style=\"padding-left: 30px;\"><div class=\"row\"> <div class=\"col-md-6  \"><a href=\"http:\/\/www.gelwel.se\/wp-content\/uploads\/2021\/05\/Bruksanvisning-Asfaltsag-FS-305.pdf\" target=\"_blank\" rel=\"noopener\">Bruksanvisning Asfaltsag FS 305<\/a><\/p>\n<p style=\"padding-left: 30px;\"><\/div><div class=\"col-md-6  \"><\/p>\n<p style=\"padding-left: 30px;\"><\/div><\/div><\/p>\n<p style=\"padding-left: 30px;\"><\/div><\/div>\n<\/p>\n<\/div>\n<\/div><\/div><\/div><div id=\"pgc-1332-1-1\"  class=\"panel-grid-cell\" ><div id=\"panel-1332-1-1-0\" class=\"so-panel widget widget_virtue_gallery_widget virtue_gallery_widget panel-first-child panel-last-child\" data-index=\"4\" ><div id=\"kad-wp-gallery660\" class=\"kad-wp-gallery gallery kt-gallery-column-3 init-isotope-intrinsic reinit-isotope kad-light-wp-gallery clearfix rowtight\" data-fade-in=\"1\" data-iso-selector=\".g_item\" data-iso-style=\"masonry\" data-iso-filter=\"false\"><div class=\"tcol-lg-4 tcol-md-4 tcol-sm-4 tcol-xs-6 tcol-ss-12 g_item\"><div class=\"grid_item kt_item_fade_in kad_gallery_fade_in gallery_item\"><a href=\"https:\/\/www.gelweluthyrning.se\/wp-content\/uploads\/2021\/05\/Laga-vibrationer.jpeg\" data-rel=\"lightbox\" class=\"lightboxhover\"><div class=\"kt-intrinsic\" style=\"padding-bottom:100%;\"><div itemprop=\"image\" itemscope itemtype=\"https:\/\/schema.org\/ImageObject\"><img width=\"240\" height=\"240\" src=\"https:\/\/www.gelweluthyrning.se\/wp-content\/uploads\/2021\/05\/Laga-vibrationer.jpeg\" srcset=\"https:\/\/www.gelweluthyrning.se\/wp-content\/uploads\/2021\/05\/Laga-vibrationer.jpeg 240w, https:\/\/www.gelweluthyrning.se\/wp-content\/uploads\/2021\/05\/Laga-vibrationer-150x150.jpeg 150w\" sizes=\"(max-width: 240px) 100vw, 240px\" data-caption=\"L\u00e5ga vibrationsniv\u00e5er\" class=\"light-dropshaddow\" itemprop=\"contentUrl\" alt=\"\"><meta itemprop=\"url\" content=\"https:\/\/www.gelweluthyrning.se\/wp-content\/uploads\/2021\/05\/Laga-vibrationer.jpeg\"><meta itemprop=\"width\" content=\"240px\"><meta itemprop=\"height\" content=\"240px\"><\/div><\/div><\/a><\/div><\/div><div class=\"tcol-lg-4 tcol-md-4 tcol-sm-4 tcol-xs-6 tcol-ss-12 g_item\"><div class=\"grid_item kt_item_fade_in kad_gallery_fade_in gallery_item\"><a href=\"https:\/\/www.gelweluthyrning.se\/wp-content\/uploads\/2021\/05\/Enkel-att-transportera.jpeg\" data-rel=\"lightbox\" class=\"lightboxhover\"><div class=\"kt-intrinsic\" style=\"padding-bottom:100%;\"><div itemprop=\"image\" itemscope itemtype=\"https:\/\/schema.org\/ImageObject\"><img width=\"240\" height=\"240\" src=\"https:\/\/www.gelweluthyrning.se\/wp-content\/uploads\/2021\/05\/Enkel-att-transportera.jpeg\" srcset=\"https:\/\/www.gelweluthyrning.se\/wp-content\/uploads\/2021\/05\/Enkel-att-transportera.jpeg 240w, https:\/\/www.gelweluthyrning.se\/wp-content\/uploads\/2021\/05\/Enkel-att-transportera-150x150.jpeg 150w\" sizes=\"(max-width: 240px) 100vw, 240px\" data-caption=\"Enkel att transportera\" class=\"light-dropshaddow\" itemprop=\"contentUrl\" alt=\"\"><meta itemprop=\"url\" content=\"https:\/\/www.gelweluthyrning.se\/wp-content\/uploads\/2021\/05\/Enkel-att-transportera.jpeg\"><meta itemprop=\"width\" content=\"240px\"><meta itemprop=\"height\" content=\"240px\"><\/div><\/div><\/a><\/div><\/div><div class=\"tcol-lg-4 tcol-md-4 tcol-sm-4 tcol-xs-6 tcol-ss-12 g_item\"><div class=\"grid_item kt_item_fade_in kad_gallery_fade_in gallery_item\"><a href=\"https:\/\/www.gelweluthyrning.se\/wp-content\/uploads\/2021\/05\/Stabil.jpeg\" data-rel=\"lightbox\" class=\"lightboxhover\"><div class=\"kt-intrinsic\" style=\"padding-bottom:100%;\"><div itemprop=\"image\" itemscope itemtype=\"https:\/\/schema.org\/ImageObject\"><img width=\"240\" height=\"240\" src=\"https:\/\/www.gelweluthyrning.se\/wp-content\/uploads\/2021\/05\/Stabil.jpeg\" srcset=\"https:\/\/www.gelweluthyrning.se\/wp-content\/uploads\/2021\/05\/Stabil.jpeg 240w, https:\/\/www.gelweluthyrning.se\/wp-content\/uploads\/2021\/05\/Stabil-150x150.jpeg 150w\" sizes=\"(max-width: 240px) 100vw, 240px\" data-caption=\"Stabil anv\u00e4ndning med utdragbart bakhjul h\u00f6\" class=\"light-dropshaddow\" itemprop=\"contentUrl\" alt=\"\"><meta itemprop=\"url\" content=\"https:\/\/www.gelweluthyrning.se\/wp-content\/uploads\/2021\/05\/Stabil.jpeg\"><meta itemprop=\"width\" content=\"240px\"><meta itemprop=\"height\" content=\"240px\"><\/div><\/div><\/a><\/div><\/div><div class=\"tcol-lg-4 tcol-md-4 tcol-sm-4 tcol-xs-6 tcol-ss-12 g_item\"><div class=\"grid_item kt_item_fade_in kad_gallery_fade_in gallery_item\"><a href=\"https:\/\/www.gelweluthyrning.se\/wp-content\/uploads\/2021\/05\/Justerbvart-handtag.jpeg\" data-rel=\"lightbox\" class=\"lightboxhover\"><div class=\"kt-intrinsic\" style=\"padding-bottom:100%;\"><div itemprop=\"image\" itemscope itemtype=\"https:\/\/schema.org\/ImageObject\"><img width=\"240\" height=\"240\" src=\"https:\/\/www.gelweluthyrning.se\/wp-content\/uploads\/2021\/05\/Justerbvart-handtag.jpeg\" srcset=\"https:\/\/www.gelweluthyrning.se\/wp-content\/uploads\/2021\/05\/Justerbvart-handtag.jpeg 240w, https:\/\/www.gelweluthyrning.se\/wp-content\/uploads\/2021\/05\/Justerbvart-handtag-150x150.jpeg 150w\" sizes=\"(max-width: 240px) 100vw, 240px\" data-caption=\"Enkel att transportera tack vare l\u00e5g vikt\" class=\"light-dropshaddow\" itemprop=\"contentUrl\" alt=\"\"><meta itemprop=\"url\" content=\"https:\/\/www.gelweluthyrning.se\/wp-content\/uploads\/2021\/05\/Justerbvart-handtag.jpeg\"><meta itemprop=\"width\" content=\"240px\"><meta itemprop=\"height\" content=\"240px\"><\/div><\/div><\/a><\/div><\/div><\/div><\/div><\/div><\/div><div id=\"pg-1332-2\"  class=\"panel-grid panel-no-style\" ><div id=\"pgc-1332-2-0\"  class=\"panel-grid-cell\" ><div id=\"panel-1332-2-0-0\" class=\"so-panel widget widget_sow-editor panel-first-child panel-last-child\" data-index=\"5\" ><div class=\"so-widget-sow-editor so-widget-sow-editor-base\">\n<div class=\"siteorigin-widget-tinymce textwidget\">\n\t<h3>Pris<\/h3>\n\n<ul class=\"nav nav-tabs sc_tabs\"><li class=\"active\"><a href=\"#sctab8310\" rel=\"nofollow\">Pris<\/a><\/li>\n<li class=\"\"><a href=\"#sctab8311\" rel=\"nofollow\">F\u00f6rbrukningsmaterial<\/a><\/li>\n<li class=\"\"><a href=\"#sctab8312\" rel=\"nofollow\">Komplettera<\/a><\/li><\/ul> <div class=\"tab-content postclass\"><div class=\"tab-pane clearfix active\" id=\"sctab8310\"><br \/>\n<div class=\"row\"> <div class=\"col-md-3  \"><\/p>\n<h4>Pris dag 1<\/h4>\n<h4><span style=\"color: #ff0000;\">450 kr<\/span><\/h4>\n<p><\/div><div class=\"col-md-3  \"><\/p>\n<h4>Pris fr\u00e5n dag 2<\/h4>\n<h4><span style=\"color: #ff0000;\">375 kr<\/span><\/h4>\n<p><\/div><div class=\"col-md-3  \"><\/p>\n<h4>Helg<\/h4>\n<h4><span style=\"color: #ff0000;\">825 kr<\/span><\/h4>\n<p><\/div><div class=\"col-md-3  \"><\/p>\n<h4>Vecka<\/h4>\n<h4><span style=\"color: #ff0000;\">1950 kr<\/span><\/h4>\n<p><\/div><\/div><br \/>\nMoms ing\u00e5r i\u00a0alla priser. Kapskiva \u00a0tillkommer se f\u00f6rbrukning<\/p>\n<p><\/div>\n<div class=\"tab-pane clearfix \" id=\"sctab8311\"><\/p>\n<p>Aspen 4T till g\u00e4llande dagspris. Kapskiva diamant 350\u00a0mm 550\u00a0kr\/mm (min deb 0,5 mm).<\/p>\n<p><\/div>\n<div class=\"tab-pane clearfix \" id=\"sctab8312\"><\/p>\n<p>Andningskydd, h\u00f6rselskydd och skyddsglas\u00f6gon. <\/div><\/div>\n\n<\/div>\n<\/div><\/div><\/div><div id=\"pgc-1332-2-1\"  class=\"panel-grid-cell\" >\n\n        <div id=\"panel-1332-2-1-0\" class=\"so-panel widget widget_kadence_calltoaction_widget kadence_calltoaction_widget panel-first-child panel-last-child\" data-index=\"6\" ><div class=\"kt-ctaw clearfix\"><h1 class=\"kt-call-to-action-title\" style=\" font-size:40px; line-height:1.1; text-align:center; \"  data-max-size=\"40\" data-min-size=\"40\">Boka maskinen<\/h1><div style=\"text-align:center\"><a href=\"http:\/\/www.gelwel.se\/?page_id=585\" id=\"kadbtn4\" target=\"_self\" class=\"kad-btn btn-shortcode kad-btn-primary lg-kad-btn \" style=\" border: 0 solid; border-color:#000;  \" onMouseOver=\"\" onMouseOut=\"\">BOKA <\/a><\/div><\/div><\/div>\n    <\/div><\/div><div id=\"pg-1332-3\"  class=\"panel-grid panel-no-style\" ><div id=\"pgc-1332-3-0\"  class=\"panel-grid-cell panel-grid-cell-empty\" ><\/div><\/div><\/div>","protected":false},"excerpt":{"rendered":"<p>Asfalt och betongs\u00e5g V\u00e5r bensindrivna golvs\u00e5g med l\u00e4gst vikt, f\u00f6r asfalt- och betongs\u00e5gning. Idealisk f\u00f6r sv\u00e5rtillg\u00e4ngliga arbetsplatser och f\u00f6r mindre reparationsarbeten (125 mm i s\u00e5gdjup). FS 305 \u00e4r v\u00e4ldigt l\u00e4tt att hantera och kan transporteras i sm\u00e5 fordon. Teknisk info<\/p>\n","protected":false},"author":1,"featured_media":0,"parent":11,"menu_order":0,"comment_status":"closed","ping_status":"closed","template":"page-fullwidth.php","meta":{"kt_blocks_editor_width":""},"kb_featured_image_src_large":false,"kb_author_info":{"display_name":"per","author_link":"https:\/\/www.gelweluthyrning.se\/?author=1","author_image":"https:\/\/secure.gravatar.com\/avatar\/250821d350f2213e36bf942f193b8969?s=96&d=mm&r=g"},"kb_comment_info":0,"_links":{"self":[{"href":"https:\/\/www.gelweluthyrning.se\/index.php?rest_route=\/wp\/v2\/pages\/1332"}],"collection":[{"href":"https:\/\/www.gelweluthyrning.se\/index.php?rest_route=\/wp\/v2\/pages"}],"about":[{"href":"https:\/\/www.gelweluthyrning.se\/index.php?rest_route=\/wp\/v2\/types\/page"}],"author":[{"embeddable":true,"href":"https:\/\/www.gelweluthyrning.se\/index.php?rest_route=\/wp\/v2\/users\/1"}],"replies":[{"embeddable":true,"href":"https:\/\/www.gelweluthyrning.se\/index.php?rest_route=%2Fwp%2Fv2%2Fcomments&post=1332"}],"version-history":[{"count":16,"href":"https:\/\/www.gelweluthyrning.se\/index.php?rest_route=\/wp\/v2\/pages\/1332\/revisions"}],"predecessor-version":[{"id":9754,"href":"https:\/\/www.gelweluthyrning.se\/index.php?rest_route=\/wp\/v2\/pages\/1332\/revisions\/9754"}],"up":[{"embeddable":true,"href":"https:\/\/www.gelweluthyrning.se\/index.php?rest_route=\/wp\/v2\/pages\/11"}],"wp:attachment":[{"href":"https:\/\/www.gelweluthyrning.se\/index.php?rest_route=%2Fwp%2Fv2%2Fmedia&parent=1332"}],"curies":[{"name":"wp","href":"https:\/\/api.w.org\/{rel}","templated":true}]}}